ainder when 1878813 is divided by 274?
269
What is the remainder when 266521 is divided by 1326?
1321
What is the remainder when 528143 is divided by 1450?
343
What is the remainder when 240362 is divided by 18477?
161
What is the remainder when 12315923 is divided by 1118?
35
What is the remainder when 180701920 is divided by 1188?
1180
Calculate the remainder when 556285 is divided by 1954.
1349
Calculate the remainder when 6793137 is divided by 1698282.
9
What is the remainder when 2035756 is divided by 1036?
16
Calculate the remainder when 235744188 is divided by 1083.
1080
What is the remainder when 44120 is divided by 1022?
174
What is the remainder when 6050200 is divided by 14614?
4
What is the remainder when 25734 is divided by 1034?
918
What is the remainder when 10741 is divided by 3994?
2753
What is the remainder when 15738 is divided by 67?
60
Calculate the remainder when 617817 is divided by 308822.
173
What is the remainder when 247038244 is divided by 6097?
6095
What is the remainder when 185410 is divided by 61655?
445
What is the remainder when 18391284 is divided by 622?
610
What is the remainder when 5658648 is divided by 808377?
9
What is the remainder when 6104183 is divided by 389?
384
What is the remainder when 2398624 is divided by 59963?
104
What is the remainder when 95163 is divided by 92159?
3004
What is the remainder when 3035969 is divided by 3555?
3554
What is the remainder when 11084869 is divided by 71?
65
What is the remainder when 130932 is divided by 57505?
15922
Calculate the remainder when 55761297 is divided by 334.
331
What is the remainder when 31484632 is divided by 2680?
2672
Calculate the remainder when 615346 is divided by 203622.
4480
What is the remainder when 386391 is divided by 2100?
2091
Calculate the remainder when 446054 is divided by 1062.
14
Calculate the remainder when 10499868 is divided by 74.
8
Calculate the remainder when 3983414 is divided by 148.
142
Calculate the remainder when 20039934 is divided by 2183.
2177
What is the remainder when 9110806 is divided by 1061?
1060
Calculate the remainder when 35554088 is divided by 143.
141
What is the remainder when 84236 is divided by 7626?
350
What is the remainder when 7639803 is divided by 379?
300
Calculate the remainder when 3642121 is divided by 117486.
55
Calculate the remainder when 54367 is divided by 26585.
1197
What is the remainder when 1544592 is divided by 772209?
174
What is the remainder when 16540554 is divided by 2067560?
74
Calculate the remainder when 140874 is divided by 140851.
23
What is the remainder when 64378 is divided by 1494?
136
What is the remainder when 11027927 is divided by 54?
47
Calculate the remainder when 1633552797 is divided by 1320.
1317
Calculate the remainder when 6476983 is divided by 681.
673
Calculate the remainder when 2509147 is divided by 561.
355
What is the remainder when 66526659 is divided by 227?
223
What is the remainder when 1820378986 is divided by 2133?
2131
Calculate the remainder when 11859778 is divided by 1282.
1278
What is the remainder when 1314361 is divided by 290?
81
What is the remainder when 176703 is divided by 2011?
1746
Calculate the remainder when 51322 is divided by 385.
117
Calculate the remainder when 164254 is divided by 1913.
1649
Calculate the remainder when 5869 is divided by 1118.
279
Calculate the remainder when 323935 is divided by 9527.
17
Calculate the remainder when 333387 is divided by 1214.
751
Calculate the remainder when 1684926 is divided by 1617.
12
What is the remainder when 615363 is divided by 153836?
19
Calculate the remainder when 357116 is divided by 12.
8
Calculate the remainder when 4405091 is divided by 8570.
111
What is the remainder when 137035 is divided by 11899?
6146
Calculate the remainder when 80350 is divided by 6856.
4934
What is the remainder when 134743 is divided by 1145?
778
What is the remainder when 5074166 is divided by 32319?
83
What is the remainder when 532760 is divided by 31338?
14
What is the remainder when 100339 is divided by 77?
8
What is the remainder when 136360928 is divided by 31?
19
What is the remainder when 7685575 is divided by 345?
10
Calculate the remainder when 659473 is divided by 388.
261
Calculate the remainder when 4624066 is divided by 66058.
6
Calculate the remainder when 27087 is divided by 12719.
1649
What is the remainder when 126502 is divided by 6?
4
What is the remainder when 148114 is divided by 2351?
1
What is the remainder when 1969894 is divided by 1302?
1270
Calculate the remainder when 65553287 is divided by 23.
21
What is the remainder when 6186330 is divided by 165?
150
Calculate the remainder when 209224 is divided by 423.
262
Calculate the remainder when 1218534 is divided by 30.
24
What is the remainder when 319751080 is divided by 1408595?
15
What is the remainder when 331837 is divided by 18430?
97
What is the remainder when 20581771 is divided by 63?
49
Calculate the remainder when 1652762 is divided by 78702.
20
Calculate the remainder when 68970432 is divided by 15.
12
What is the remainder when 45410 is divided by 510?
20
Calculate the remainder when 158986 is divided by 31796.
6
Calculate the remainder when 493343 is divided by 595.
88
What is the remainder when 249559 is divided by 498?
61
Calculate the remainder when 80462 is divided by 31.
17
What is the remainder when 909672 is divided by 258?
222
What is the remainder when 162298 is divided by 11?
4
Calculate the remainder when 4370929 is divided by 179.
107
What is the remainder when 921521 is divided by 7?
6
What is the remainder when 4005192 is divided by 33942?
36
What is the remainder when 1373285 is divided by 274631?
130
Calculate the remainder when 1865185 is divided by 266449.
42
Calculate the remainder when 2985525 is divided by 135704.
37
Calculate the remainder when 7148719 is divided by 167.
117
What is the remainder when 972837 is divided by 2216?
13
Calculate the remainder when 50405742 is divided by 65.
62
What is the remainder when 34915018 is divided by 112?
26
What is the remainder when 29415 is divided by 3212?
507
Calculate the remainder when 120083 is divided by 29988.
131
What is the remainder when 106661559 is divided by 6792?
6783
Calculate the remainder when 1132784 is divided by 66632.
40
Calculate the remainder when 5621612 is divided by 3360.
332
What is the remainder when 1760179 is divided by 72?
67
What is the remainder when 1124772 is divided by 876?
864
What is the remainder when 6223 is divided by 818?
497
Calculate the remainder when 97765 is divided by 10860.
25
What is the remainder when 9563446 is divided by 265651?
10
What is the remainder when 2005904 is divided by 334283?
206
What is the remainder when 19758421 is divided by 329?
326
Calculate the remainder when 63861 is divided by 1114.
363
What is the remainder when 381790 is divided by 27264?
94
Calculate the remainder when 16468 is divided by 4266.
3670
What is the remainder when 596228 is divided by 54189?
149
Calculate the remainder when 135829 is divided by 8275.
3429
Calculate the remainder when 2982362 is divided by 4177.
4161
Calculate the remainder when 2573379 is divided by 7.
4
Calculate the remainder when 75790646 is divided by 72.
62
What is the remainder when 1554939 is divided by 155493?
9
Calculate the remainder when 31056478 is divided by 216.
214
Calculate the remainder when 32138 is divided by 315.
8
What is the remainder when 267957 is divided by 859?
808
Calculate the remainder when 89884 is divided by 181.
108
What is the remainder when 1808634 is divided by 601833?
3135
Calculate the remainder when 3184048 is divided by 1258.
50
Calculate the remainder when 6549315 is divided by 80.
35
What is the remainder when 18330797 is divided by 1739?
1737
What is the remainder when 929040 is divided by 304?
16
Calculate the remainder when 220462 is divided by 1793.
1716
What is the remainder when 1264923 is divided by 78?
75
Calculate the remainder when 38543303 is divided by 28.
15
What is the remainder when 896005 is divided by 2159?
20
What is the remainder when 296871942 is divided by 213?
210
What is the remainder when 9960229 is divided by 8?
5
Calculate the remainder when 17981475 is divided by 124.
111